me?
False
Let s(z) = -22*z**2 + z + 1. Let p be s(-1). Let u = 6 - p. Suppose 2*o = -n + u, n + 8 = 5*n. Is o prime?
True
Let a be 2/6 + (-11)/(-3). Suppose 1 - 13 = -a*q. Is q a prime number?
True
Suppose c - 4*s - 259 = 0, s = -2*c - 2*s + 496. Is c prime?
True
Let h = -807 - -1204. Is h composite?
False
Suppose 3*o + 13 - 70 = 0. Is o a composite number?
False
Suppose -s + 30 = 4*s. Let y be 33/(-9) - (-4)/s. Is 13 - 1/(y/(-6)) prime?
True
Suppose 2*g + 0*i = 5*i + 918, -5*g = 3*i - 2357. Is g a prime number?
False
Let l = -10 + 497. Is l a prime number?
True
Let l be 1*2*15/6. Suppose 10*b - 20 = l*b. Suppose -86 = -3*k - b*u, 2*u + 23 = 2*k - 25. Is k a prime number?
False
Let u be -1 + 4 + (-10 - -11). Suppose 2*n - u*n = 36. Let s = -11 - n. Is s prime?
True
Suppose -3*s - 1758 = -9*s. Is s a composite number?
False
Suppose 0*w = -w + 1507. Is w a prime number?
False
Let f = -744 + 1042. Is f a prime number?
False
Suppose 4*p + 1 = 5*p. Let f = 1 + p. Is 80 + -1 + -2 + f prime?
True
Let d(w) = -w**2 + 10*w - 2. Let v be d(8). Suppose 0 = -6*h + 4*h + v. Is h a composite number?
False
Suppose -j + 768 = 2*j - 3*x, 5*x = j - 244. Is j prime?
False
Let y(s) be the second derivative of -s**5/20 - s**4/2 + 13*s**3/6 + 9*s**2/2 - 4*s. Let l(z) = -8*z. Let f be l(1). Is y(f) prime?
False
Let g be -4 - 0/(-1) - -65. Let y be 8/(0 - (-4)/46). Let b = y - g. Is b prime?
True
Let f(o) = 22*o + 7. Is f(15) composite?
False
Suppose -2*q - 3*y = -4*y + 12, q - 2*y = -12. Is (-5 - -33)*(-47)/q a composite number?
True
Let p be 72/20 + 3/(-5). Suppose n + p*r = 5*n - 421, 3*r = -5*n + 533. Suppose 3*w = 35 + n. Is w a prime number?
True
Let o(h) = h**2 + h + 1. Let u(j) = 4*j**2 - 5*j + 5. Let m(z) = -3*o(z) + u(z). Is m(10) composite?
True
Is 909 + -4*(4 - 5) composite?
True
Is (-6)/(-3) + 588 + -3 composite?
False
Let f be 2/8 - (-5)/(-4). Let j be f/(3 - (2 - 0)). Let o = 18 - j. Is o a composite number?
False
Let n = -370 - -779. Is n a composite number?
False
Suppose 0*m = 5*m - z - 6294, 0 = m - 5*z - 1254. Is m composite?
False
Let b(h) = 6 - 1 + 2*h**3 + h**3 - 8*h - 11*h**2. Let p be b(8). Suppose 0 = 3*i - 4*c - p, -2*i + 6*i = -2*c + 1038. Is i a prime number?
False
Let s(j) = 15*j**2 - 2*j - 1. Let m be (-2)/(-4) + (-12)/(-8). Is s(m) prime?
False
Suppose 0 = 4*g - 6*g + 1126. Is g a composite number?
False
Suppose -o - 2*o + 126 = 0. Let t = o + 29. Is t composite?
False
Let h be (-1)/(-4) - (-38)/8. Suppose 295 = h*w + 3*y, -3*w + 5*y - 81 + 258 = 0. Is w a composite number?
False
Suppose 0 = 4*a + a - 15. Suppose a*h + 522 = 3*j - h, -4*j - h = -715. Is j a prime number?
False
Let h(y) = 20*y**2 - 5*y - 2. Let g(x) = -5*x**3 + 2*x**2 - x. Let r be g(1). Let o be h(r). Suppose o = 3*c - 235. Is c composite?
False
Suppose -2*v - n = -4, 3*v - n = -3*n + 5. Suppose v*s = -51 + 390. Is s a composite number?
False
Suppose 3*a = -2*n - a + 974, 3*n = 3*a + 1434. Is n a composite number?
True
Let r(c) = c**3 + 18*c**2 - 30*c - 14. Is r(-17) a prime number?
False
Let v be 5/(-1)*(-12)/(-10). Let b(a) be the first derivative of -a**3/3 - 3*a**2 + 2*a + 1. Is b(v) a composite number?
False
Suppose 4*g - 3*r - 259 = -20, 4*g - 234 = -2*r. Is g a prime number?
True
Let a(g) = -g**3 + 5*g**2 + 2. Let q be a(5). Suppose -q*v - 4*p = 16, 3*v = 6*v - 5*p - 31. Is 1/(v/55)*2 composite?
True
Suppose 3*u - 79 = -10. Is u composite?
False
Let g = -500 + 1113. Is g a composite number?
False
Let b(l) = -l**3 - 20*l**2 + 33*l + 51. Is b(-22) prime?
True
Let n = -60 - -91. Is n composite?
False
Suppose 2*a + 3*a = 1505. Suppose -3*t + a = 2*o - 90, 0 = -5*t - o + 640. Is t prime?
True
Let h be 4 - ((-4)/2 - 0). Let d be (-1)/((-2)/h) - 0. Is -1 + (2 - (-3)/d) prime?
True
Let b(j) be the third derivative of 5*j**4/24 - 5*j**3/6 - 3*j**2. Is b(12) prime?
False
Is (-1)/(4/(-464)*2) a composite number?
True
Suppose 4*u + 2*t - 2990 = 0, 2*u - 895 = -3*t + 594. Is u a composite number?
True
Let z = -2989 - -4812. Is z a composite number?
False
Let z(i) = 6*i**3 + i**2 + 2*i - 1. Suppose 4 + 0 = 2*b. Suppose 2*c + 18 = 5*m, 3 + 9 = -b*m - 4*c. Is z(m) composite?
True
Suppose 2*v + 2*w + 8 = v, 92 = -5*v + 3*w. Let n be 4/12 + v/(-6). Suppose -2*p - 3*g + 119 = 0, -n*p + 13 = -2*g - 146. Is p a prime number?
False
Suppose -2*d + 885 = 3*q + d, -881 = -3*q - d. Is q prime?
True
Let y = 325 - 166. Is y composite?
True
Let m(k) = k**2 + 5*k + 7. Let f be m(8). Suppose -2*i - f = -5*i. Is i prime?
True
Suppose 7*w - 797 = -4*f + 2*w, 2*w - 197 = -f. Suppose 12 = -c + 5*c. Suppose 0 = m + c*j - f, -j + 0*j + 195 = m. Is m composite?
False
Let b(y) = y - 5. Let f be b(7). Let j be (-1*f - -2) + 2. Suppose j*p - c = 2*c + 65, 83 = 2*p + 3*c. Is p a prime number?
True
Let r(i) = -i**2 - 3*i + 4. Let z be r(3). Let p = z + 22. Let f(v) = 6*v + 7. Is f(p) composite?
True
Suppose -c + 5*c + 12 = -4*l, 4*c = -l - 15. Let r = 5 + c. Is 51 - r/(3/(-6)) composite?
False
Suppose 6 = f + 2*f. Suppose 5*l = -4*m - 45, -4*m = -l - f*l + 37. Is 201/15 - (-4)/m composite?
False
Suppose -4*k + 10 = -2*a, 10 = -k + 2*k - 2*a. Suppose k*x - c = x - 35, x - 39 = -5*c. Suppose -x - 3 = -b. Is b composite?
False
Let p be -20*1*6/15. Let a be -1 - 0 - 976/p. Suppose -134 - a = -3*q. Is q composite?
True
Let i(g) = -g - 3. Let r be i(-8). Suppose r*d - 13 = 32. Suppose -5*q + z + 119 = 0, 3*z = -21 + d. Is q a prime number?
True
Suppose -2*u - 656 = -4*w, -3*w + 5*w - 330 = 2*u. Is w composite?
False
Let q(w) = -8 - 6*w - w**3 + 7*w**2 + 14 - 3*w**2. Is q(-7) prime?
True
Let k be 7 + 2 + (-1 - -1). Suppose 354 = 3*g + k. Is g a composite number?
True
Suppose -2*m = 10, 3*a - m = -2*m + 151. Suppose -40 = -4*h + a. Is h a prime number?
True
Let t(w) = 4*w - 3. Let f be t(2). Suppose 2*i + 80 = f*y, -6*i = 2*y - 2*i - 56. Suppose 5*q - 77 = y. Is q composite?
False
Let k(c) be the second derivative of c**3/6 + 9*c**2 - c. Let x be k(0). Suppose 0 = -h + x + 29. Is h a composite number?
False
Let p(z) = -48*z + 1. Suppose l - 5*l = 12. Let v be 0/l - (0 + 1). Is p(v) a prime number?
False
Let w(o) = -o**3 - 3*o**2 - 2*o - 7. Suppose -4*j = v + j + 11, 0 = -2*v + 4*j + 20. Suppose 32 = -v*b + 8. Is w(b) composite?
False
Suppose 0 = 5*u - 2*c - 28, -c + 16 = 2*u - 3*c. Suppose 14 = u*a + 2. Suppose 2*w + 2*z = -z + 225, -552 = -5*w + a*z. Is w composite?
True
Let h(n) = -26*n - 1. Suppose -9 = -3*l + 3. Let k be -3 + 1 + 4 - l. Is h(k) prime?
False
Let s be 36/((-6)/(-3)) - -2. Is 4092/s - (-4)/10 prime?
False
Let v(w) be the third derivative of -w**5/60 - 19*w**4/24 + 13*w**3/6 + 7*w**2. Is v(-12) composite?
False
Let b = 11563 - 8156. Is b prime?
True
Let f = 467 + -90. Is f composite?
True
Let i be 3*(1 + 3*8). Let o = i - 36. Is o prime?
False
Suppose -2*d = -2*o - 886, -3*d + 0*o + 4*o + 1329 = 0. Is d a prime number?
True
Is 2/8 - 6424/(-32) composite?
True
Let s = -1354 + 2186. Suppose 0 = -4*m - 0*m + s. Is m/12*(-3)/(-2) a composite number?
True
Let y(t) = 2*t**3 + 2*t**2 - 4*t - 3. Let c be y(-3). Let d be -3 + 4 - (c + 0). Let v = d + -9. Is v prime?
True
Let h(f) = -85*f - 4. Let u be h(-3). Suppose 4*o - u - 17 = 0. Is o a composite number?
False
Is (3/3)/((-2)/(-114)) prime?
False
Let r be 2 + -6 + (-17)/(-1). Let k(o) = -o**2 + 5*o + 5. Let v be k(6). Let z = r - v. Is z a composite number?
True
Let a(b) = 22*b**2 + b + 1. Is a(2) a prime number?
False
Suppose 164 + 164 = 4*m. Is m a prime number?
False
Suppose -5*q - 187 = -4*x + 83, 2*x + 2*q = 144. Suppose 0 = 5*h - x - 95. Is h composite?
True
Suppose -o + 2*o - 7 = -m, 2*o = -5*m + 26. Suppose 3 = o*l - 3. Suppose 51 = 3*d + l*q, 3*d = -0*d - 4*q + 45. Is d a composite number?
False
Let k(s) = -3*s. Let o be k(-1). Suppose -5*m + 2*p + 13 = 1, 0 = -o*m - 5*p + 1. Suppose -i - g + 8 = -6*g, m*g + 122 = 4*i. Is i a prime number?
False
Let o = 193 + -111. Suppose s + 13 = o. Is s composite?
True
Suppose i - 742 = 5*i + 2*j, -i - 2*j - 193 = 0. Let o = -130 - i. Is o prime?
True
Let m(w) = 109*w - 1. Let u(h) = -h. Let s(i) = -m(i) - u(i). Is s(-2) a prime number?
False
Let c(k) = k**2 - 3*k + 2. Let v be c(7). Suppose -2*s = s - v. Suppose -d - 5*q + s = 0, -3*d + 76 = 2*d - q. Is d prime?
False
Suppose 3*b = 7*b - 1516. Is b a c